{"id":895,"date":"2025-11-11T14:28:51","date_gmt":"2025-11-11T12:28:51","guid":{"rendered":"https:\/\/contrastofficiel.com\/?post_type=product&#038;p=895"},"modified":"2025-11-30T13:09:00","modified_gmt":"2025-11-30T11:09:00","slug":"storm-blk","status":"publish","type":"product","link":"https:\/\/contrastofficiel.com\/index.php\/produit\/storm-blk\/","title":{"rendered":"Storm Blk"},"content":{"rendered":"<div class=\"left-col\">\n<div class=\"flex mt-4\">\n<div class=\"text_block margin-bottom-0\">\n<div class=\"block_title\">\n<div class=\"left-col\">\n<div class=\"flex mt-4\">\n<div class=\"text_block margin-bottom-0\">\n<div class=\"block_title\">\n<p>Marquage retro-reflechissant.<\/p>\n<p>Tissu imperm\u00e9able et respirant.<\/p>\n<div>100% <a class=\"tt-tooltip-btn link\" href=\"https:\/\/www.toptex.fr\/ns616-veste-coupe-vent-impermeable-ecoresponsable-quart-zip-unisexe.html#POLYESTER\">polyester<\/a> recycl\u00e9.<\/div>\n<div><\/div>\n<div>Coupe standard unisex.<\/div>\n<div><\/div>\n<div>Tissu contrecoll\u00e9 2 couches avec membrane int\u00e9rieure et coutures thermo-soud\u00e9es pour une imperm\u00e9abilit\u00e9 optimale.<\/div>\n<div>Imperm\u00e9able 4000mm.<\/div>\n<div>Respirant 3000 g\/m\u00b2\/24h.<\/div>\n<div>Milieu devant avec quart de zip imperm\u00e9able recycl\u00e9.<\/div>\n<div>Poche poitrine traversante avec rabat et deux poches c\u00f4t\u00e9s passepoil\u00e9es avec zip invers\u00e9.<\/div>\n<div>Deux \u0153illets d\u2019a\u00e9ration sous le rabat de la poche devant. Capuche 3 panneaux.<\/div>\n<div>Cordon de serrage avec stoppeurs recycl\u00e9s \u00e0 l\u2019int\u00e9rieur de la capuche et au bas du v\u00eatement c\u00f4t\u00e9 gauche au port\u00e9.<\/div>\n<div>Bas de manches \u00e9lastiqu\u00e9s.<\/div>\n<div>Ourlet simple surpiq\u00fbre bas de manches et bas de v\u00eatement.<\/div>\n<\/div>\n<\/div>\n<\/div>\n<\/div>\n<\/div>\n<\/div>\n<\/div>\n<\/div>\n","protected":false},"excerpt":{"rendered":"<p>Marquage retro-reflechissant. Tissu imperm\u00e9able et respirant. 100% polyester recycl\u00e9. Coupe standard unisex. Tissu contrecoll\u00e9 2 couches avec membrane int\u00e9rieure et coutures thermo-soud\u00e9es pour une imperm\u00e9abilit\u00e9 optimale. Imperm\u00e9able 4000mm. Respirant 3000 g\/m\u00b2\/24h. Milieu devant avec quart de zip imperm\u00e9able recycl\u00e9. Poche poitrine traversante avec rabat et deux poches c\u00f4t\u00e9s passepoil\u00e9es avec zip invers\u00e9. Deux \u0153illets d\u2019a\u00e9ration&#8230;<\/p>\n","protected":false},"featured_media":901,"comment_status":"open","ping_status":"closed","template":"","meta":{"_kadence_starter_templates_imported_post":false,"_kad_post_transparent":"default","_kad_post_title":"","_kad_post_layout":"default","_kad_post_sidebar_id":"","_kad_post_content_style":"default","_kad_post_vertical_padding":"default","_kad_post_feature":"","_kad_post_feature_position":"","_kad_post_header":false,"_kad_post_footer":false,"_kad_post_classname":""},"product_brand":[20],"product_cat":[30,29],"product_tag":[],"class_list":{"0":"post-895","1":"product","2":"type-product","3":"status-publish","4":"has-post-thumbnail","6":"product_brand-contrast","7":"product_cat-veste-femme","8":"product_cat-veste-homme","10":"first","11":"onbackorder","12":"taxable","13":"shipping-taxable","14":"purchasable","15":"product-type-variable","16":"entry","17":"content-bg","18":"loop-entry"},"yoast_head":"<!-- This site is optimized with the Yoast SEO plugin v26.4 - https:\/\/yoast.com\/wordpress\/plugins\/seo\/ -->\n<title>Coupe-vent Homme Storm Blk - Contrast Wear Officiel<\/title>\n<meta name=\"description\" content=\"D\u00e9couvrez les coupe-vent Contrast : des mod\u00e8les urbains au design \u00e9pur\u00e9, pens\u00e9s pour durer. Mati\u00e8res haut de gamme, coupe moderne et style affirm\u00e9.\" \/>\n<meta name=\"robots\" content=\"index, follow, max-snippet:-1, max-image-preview:large, max-video-preview:-1\" \/>\n<link rel=\"canonical\" href=\"https:\/\/contrastofficiel.com\/index.php\/produit\/storm-blk\/\" \/>\n<meta property=\"og:locale\" content=\"fr_FR\" \/>\n<meta property=\"og:type\" content=\"article\" \/>\n<meta property=\"og:title\" content=\"Coupe-vent Homme Storm Blk - Contrast Wear Officiel\" \/>\n<meta property=\"og:description\" content=\"D\u00e9couvrez les coupe-vent Contrast : des mod\u00e8les urbains au design \u00e9pur\u00e9, pens\u00e9s pour durer. Mati\u00e8res haut de gamme, coupe moderne et style affirm\u00e9.\" \/>\n<meta property=\"og:url\" content=\"https:\/\/contrastofficiel.com\/index.php\/produit\/storm-blk\/\" \/>\n<meta property=\"og:site_name\" content=\"Contrast Wear Officiel\" \/>\n<meta property=\"article:publisher\" content=\"https:\/\/www.facebook.com\/profile.php?id=61581055040467\" \/>\n<meta property=\"article:modified_time\" content=\"2025-11-30T11:09:00+00:00\" \/>\n<meta property=\"og:image\" content=\"https:\/\/contrastofficiel.com\/wp-content\/uploads\/2025\/11\/storm-noir-face.jpg\" \/>\n\t<meta property=\"og:image:width\" content=\"1181\" \/>\n\t<meta property=\"og:image:height\" content=\"1181\" \/>\n\t<meta property=\"og:image:type\" content=\"image\/jpeg\" \/>\n<meta name=\"twitter:card\" content=\"summary_large_image\" \/>\n<meta name=\"twitter:label1\" content=\"Dur\u00e9e de lecture estim\u00e9e\" \/>\n\t<meta name=\"twitter:data1\" content=\"1 minute\" \/>\n<script type=\"application\/ld+json\" class=\"yoast-schema-graph\">{\"@context\":\"https:\/\/schema.org\",\"@graph\":[{\"@type\":\"WebPage\",\"@id\":\"https:\/\/contrastofficiel.com\/index.php\/produit\/storm-blk\/\",\"url\":\"https:\/\/contrastofficiel.com\/index.php\/produit\/storm-blk\/\",\"name\":\"Coupe-vent Homme Storm Blk - Contrast Wear Officiel\",\"isPartOf\":{\"@id\":\"https:\/\/contrastofficiel.com\/#website\"},\"primaryImageOfPage\":{\"@id\":\"https:\/\/contrastofficiel.com\/index.php\/produit\/storm-blk\/#primaryimage\"},\"image\":{\"@id\":\"https:\/\/contrastofficiel.com\/index.php\/produit\/storm-blk\/#primaryimage\"},\"thumbnailUrl\":\"https:\/\/contrastofficiel.com\/wp-content\/uploads\/2025\/11\/storm-noir-face.jpg\",\"datePublished\":\"2025-11-11T12:28:51+00:00\",\"dateModified\":\"2025-11-30T11:09:00+00:00\",\"description\":\"D\u00e9couvrez les coupe-vent Contrast : des mod\u00e8les urbains au design \u00e9pur\u00e9, pens\u00e9s pour durer. Mati\u00e8res haut de gamme, coupe moderne et style affirm\u00e9.\",\"breadcrumb\":{\"@id\":\"https:\/\/contrastofficiel.com\/index.php\/produit\/storm-blk\/#breadcrumb\"},\"inLanguage\":\"fr-FR\",\"potentialAction\":[{\"@type\":\"ReadAction\",\"target\":[\"https:\/\/contrastofficiel.com\/index.php\/produit\/storm-blk\/\"]}]},{\"@type\":\"ImageObject\",\"inLanguage\":\"fr-FR\",\"@id\":\"https:\/\/contrastofficiel.com\/index.php\/produit\/storm-blk\/#primaryimage\",\"url\":\"https:\/\/contrastofficiel.com\/wp-content\/uploads\/2025\/11\/storm-noir-face.jpg\",\"contentUrl\":\"https:\/\/contrastofficiel.com\/wp-content\/uploads\/2025\/11\/storm-noir-face.jpg\",\"width\":1181,\"height\":1181},{\"@type\":\"BreadcrumbList\",\"@id\":\"https:\/\/contrastofficiel.com\/index.php\/produit\/storm-blk\/#breadcrumb\",\"itemListElement\":[{\"@type\":\"ListItem\",\"position\":1,\"name\":\"Accueil\",\"item\":\"https:\/\/contrastofficiel.com\/\"},{\"@type\":\"ListItem\",\"position\":2,\"name\":\"Shop\",\"item\":\"https:\/\/contrastofficiel.com\/index.php\/shop\/\"},{\"@type\":\"ListItem\",\"position\":3,\"name\":\"Storm Blk\"}]},{\"@type\":\"WebSite\",\"@id\":\"https:\/\/contrastofficiel.com\/#website\",\"url\":\"https:\/\/contrastofficiel.com\/\",\"name\":\"contrastofficiel.com\",\"description\":\"Streetwear et accessoires - Notre force, notre diff\u00e9rence\",\"publisher\":{\"@id\":\"https:\/\/contrastofficiel.com\/#organization\"},\"alternateName\":\"Contrast wear officiel\",\"potentialAction\":[{\"@type\":\"SearchAction\",\"target\":{\"@type\":\"EntryPoint\",\"urlTemplate\":\"https:\/\/contrastofficiel.com\/?s={search_term_string}\"},\"query-input\":{\"@type\":\"PropertyValueSpecification\",\"valueRequired\":true,\"valueName\":\"search_term_string\"}}],\"inLanguage\":\"fr-FR\"},{\"@type\":\"Organization\",\"@id\":\"https:\/\/contrastofficiel.com\/#organization\",\"name\":\"Contrast\",\"url\":\"https:\/\/contrastofficiel.com\/\",\"logo\":{\"@type\":\"ImageObject\",\"inLanguage\":\"fr-FR\",\"@id\":\"https:\/\/contrastofficiel.com\/#\/schema\/logo\/image\/\",\"url\":\"https:\/\/contrastofficiel.com\/wp-content\/uploads\/2025\/10\/cropped-logo-contrast-OK-copie-scaled-2.png\",\"contentUrl\":\"https:\/\/contrastofficiel.com\/wp-content\/uploads\/2025\/10\/cropped-logo-contrast-OK-copie-scaled-2.png\",\"width\":2560,\"height\":371,\"caption\":\"Contrast\"},\"image\":{\"@id\":\"https:\/\/contrastofficiel.com\/#\/schema\/logo\/image\/\"},\"sameAs\":[\"https:\/\/www.facebook.com\/profile.php?id=61581055040467\",\"https:\/\/www.instagram.com\/contrastwearofficiel\/\"]}]}<\/script>\n<!-- \/ Yoast SEO plugin. -->","yoast_head_json":{"title":"Coupe-vent Homme Storm Blk - Contrast Wear Officiel","description":"D\u00e9couvrez les coupe-vent Contrast : des mod\u00e8les urbains au design \u00e9pur\u00e9, pens\u00e9s pour durer. Mati\u00e8res haut de gamme, coupe moderne et style affirm\u00e9.","robots":{"index":"index","follow":"follow","max-snippet":"max-snippet:-1","max-image-preview":"max-image-preview:large","max-video-preview":"max-video-preview:-1"},"canonical":"https:\/\/contrastofficiel.com\/index.php\/produit\/storm-blk\/","og_locale":"fr_FR","og_type":"article","og_title":"Coupe-vent Homme Storm Blk - Contrast Wear Officiel","og_description":"D\u00e9couvrez les coupe-vent Contrast : des mod\u00e8les urbains au design \u00e9pur\u00e9, pens\u00e9s pour durer. Mati\u00e8res haut de gamme, coupe moderne et style affirm\u00e9.","og_url":"https:\/\/contrastofficiel.com\/index.php\/produit\/storm-blk\/","og_site_name":"Contrast Wear Officiel","article_publisher":"https:\/\/www.facebook.com\/profile.php?id=61581055040467","article_modified_time":"2025-11-30T11:09:00+00:00","og_image":[{"width":1181,"height":1181,"url":"https:\/\/contrastofficiel.com\/wp-content\/uploads\/2025\/11\/storm-noir-face.jpg","type":"image\/jpeg"}],"twitter_card":"summary_large_image","twitter_misc":{"Dur\u00e9e de lecture estim\u00e9e":"1 minute"},"schema":{"@context":"https:\/\/schema.org","@graph":[{"@type":"WebPage","@id":"https:\/\/contrastofficiel.com\/index.php\/produit\/storm-blk\/","url":"https:\/\/contrastofficiel.com\/index.php\/produit\/storm-blk\/","name":"Coupe-vent Homme Storm Blk - Contrast Wear Officiel","isPartOf":{"@id":"https:\/\/contrastofficiel.com\/#website"},"primaryImageOfPage":{"@id":"https:\/\/contrastofficiel.com\/index.php\/produit\/storm-blk\/#primaryimage"},"image":{"@id":"https:\/\/contrastofficiel.com\/index.php\/produit\/storm-blk\/#primaryimage"},"thumbnailUrl":"https:\/\/contrastofficiel.com\/wp-content\/uploads\/2025\/11\/storm-noir-face.jpg","datePublished":"2025-11-11T12:28:51+00:00","dateModified":"2025-11-30T11:09:00+00:00","description":"D\u00e9couvrez les coupe-vent Contrast : des mod\u00e8les urbains au design \u00e9pur\u00e9, pens\u00e9s pour durer. Mati\u00e8res haut de gamme, coupe moderne et style affirm\u00e9.","breadcrumb":{"@id":"https:\/\/contrastofficiel.com\/index.php\/produit\/storm-blk\/#breadcrumb"},"inLanguage":"fr-FR","potentialAction":[{"@type":"ReadAction","target":["https:\/\/contrastofficiel.com\/index.php\/produit\/storm-blk\/"]}]},{"@type":"ImageObject","inLanguage":"fr-FR","@id":"https:\/\/contrastofficiel.com\/index.php\/produit\/storm-blk\/#primaryimage","url":"https:\/\/contrastofficiel.com\/wp-content\/uploads\/2025\/11\/storm-noir-face.jpg","contentUrl":"https:\/\/contrastofficiel.com\/wp-content\/uploads\/2025\/11\/storm-noir-face.jpg","width":1181,"height":1181},{"@type":"BreadcrumbList","@id":"https:\/\/contrastofficiel.com\/index.php\/produit\/storm-blk\/#breadcrumb","itemListElement":[{"@type":"ListItem","position":1,"name":"Accueil","item":"https:\/\/contrastofficiel.com\/"},{"@type":"ListItem","position":2,"name":"Shop","item":"https:\/\/contrastofficiel.com\/index.php\/shop\/"},{"@type":"ListItem","position":3,"name":"Storm Blk"}]},{"@type":"WebSite","@id":"https:\/\/contrastofficiel.com\/#website","url":"https:\/\/contrastofficiel.com\/","name":"contrastofficiel.com","description":"Streetwear et accessoires - Notre force, notre diff\u00e9rence","publisher":{"@id":"https:\/\/contrastofficiel.com\/#organization"},"alternateName":"Contrast wear officiel","potentialAction":[{"@type":"SearchAction","target":{"@type":"EntryPoint","urlTemplate":"https:\/\/contrastofficiel.com\/?s={search_term_string}"},"query-input":{"@type":"PropertyValueSpecification","valueRequired":true,"valueName":"search_term_string"}}],"inLanguage":"fr-FR"},{"@type":"Organization","@id":"https:\/\/contrastofficiel.com\/#organization","name":"Contrast","url":"https:\/\/contrastofficiel.com\/","logo":{"@type":"ImageObject","inLanguage":"fr-FR","@id":"https:\/\/contrastofficiel.com\/#\/schema\/logo\/image\/","url":"https:\/\/contrastofficiel.com\/wp-content\/uploads\/2025\/10\/cropped-logo-contrast-OK-copie-scaled-2.png","contentUrl":"https:\/\/contrastofficiel.com\/wp-content\/uploads\/2025\/10\/cropped-logo-contrast-OK-copie-scaled-2.png","width":2560,"height":371,"caption":"Contrast"},"image":{"@id":"https:\/\/contrastofficiel.com\/#\/schema\/logo\/image\/"},"sameAs":["https:\/\/www.facebook.com\/profile.php?id=61581055040467","https:\/\/www.instagram.com\/contrastwearofficiel\/"]}]}},"_links":{"self":[{"href":"https:\/\/contrastofficiel.com\/index.php\/wp-json\/wp\/v2\/product\/895","targetHints":{"allow":["GET"]}}],"collection":[{"href":"https:\/\/contrastofficiel.com\/index.php\/wp-json\/wp\/v2\/product"}],"about":[{"href":"https:\/\/contrastofficiel.com\/index.php\/wp-json\/wp\/v2\/types\/product"}],"replies":[{"embeddable":true,"href":"https:\/\/contrastofficiel.com\/index.php\/wp-json\/wp\/v2\/comments?post=895"}],"wp:featuredmedia":[{"embeddable":true,"href":"https:\/\/contrastofficiel.com\/index.php\/wp-json\/wp\/v2\/media\/901"}],"wp:attachment":[{"href":"https:\/\/contrastofficiel.com\/index.php\/wp-json\/wp\/v2\/media?parent=895"}],"wp:term":[{"taxonomy":"product_brand","embeddable":true,"href":"https:\/\/contrastofficiel.com\/index.php\/wp-json\/wp\/v2\/product_brand?post=895"},{"taxonomy":"product_cat","embeddable":true,"href":"https:\/\/contrastofficiel.com\/index.php\/wp-json\/wp\/v2\/product_cat?post=895"},{"taxonomy":"product_tag","embeddable":true,"href":"https:\/\/contrastofficiel.com\/index.php\/wp-json\/wp\/v2\/product_tag?post=895"}],"curies":[{"name":"wp","href":"https:\/\/api.w.org\/{rel}","templated":true}]}}